{"id":5057,"date":"2024-02-19T19:12:59","date_gmt":"2024-02-19T19:12:59","guid":{"rendered":"https:\/\/camillaelfving.dk\/?page_id=5057"},"modified":"2025-05-13T16:06:28","modified_gmt":"2025-05-13T16:06:28","slug":"hvordan-foregaar-en-behandling-hos-mig","status":"publish","type":"page","link":"https:\/\/camillaelfving.dk\/index.php\/hvordan-foregaar-en-behandling-hos-mig\/","title":{"rendered":"Hvordan foreg\u00e5r en behandling hos mig?"},"content":{"rendered":"\n<div style=\"height:20px\" aria-hidden=\"true\" class=\"wp-block-spacer\"><\/div>\n\n\n\n<h3 class=\"wp-block-heading\"><strong>F\u00d8R \u2013 N\u00e5r alt strammer ind<\/strong><\/h3>\n\n\n\n<p>Du har det \u201cfint\u201d.<br>Men dit hoved k\u00f8rer i ring, og kroppen f\u00f8les tung uden grund.<br>Du tr\u00e6kker vejret \u2013 men det f\u00f8les ikke som om, luften n\u00e5r helt ned.<\/p>\n\n\n\n<p>M\u00e5ske du har pr\u00f8vet alt.<br>Eller m\u00e5ske du bare er tr\u00e6t af ikke at kunne s\u00e6tte ord p\u00e5, hvad der egentlig er galt.<\/p>\n\n\n\n<p>Det er her, du kommer til mig.<br>Ikke for at f\u00e5 flere svar. Men for at m\u00e6rke dine egne.<\/p>\n\n\n\n<div style=\"height:20px\" aria-hidden=\"true\" class=\"wp-block-spacer\"><\/div>\n\n\n\n<h3 class=\"wp-block-heading\"><strong>UNDER \u2013 N\u00e5r kroppen begynder at tale<\/strong><\/h3>\n\n\n\n<p>Du ligger p\u00e5 briksen. Fuldt p\u00e5kl\u00e6dt.<br>Ingen krav. Ingen pr\u00e6station. Bare tilstedev\u00e6relse.<\/p>\n\n\n\n<p>Jeg stiller sp\u00f8rgsm\u00e5l \u2013 men ikke til dig.<br>Jeg sp\u00f8rger kroppen, og den svarer gennem muskeltestning.<\/p>\n\n\n\n<p>Sp\u00e6ndinger, blokeringer, gamle m\u00f8nstre.<br>Det hele begynder at vise sig \u2013 uden du beh\u00f8ver forklare noget som helst.<\/p>\n\n\n\n<p>Nogle begynder at gr\u00e6de. Andre falder n\u00e6sten i s\u00f8vn.<br>Der er ingen \u201crigtigt\u201d \u2013 kun det, du m\u00e6rker.<\/p>\n\n\n\n<div style=\"height:20px\" aria-hidden=\"true\" class=\"wp-block-spacer\"><\/div>\n\n\n\n<h3 class=\"wp-block-heading\"><strong>EFTER \u2013 N\u00e5r noget har flyttet sig<\/strong><\/h3>\n\n\n\n<p>Du rejser dig op. Stadig dig. Men ikke helt.<\/p>\n\n\n\n<p>Der er ro i kroppen, som ikke var der f\u00f8r.<br>Tankerne larmer lidt mindre. Hjertet f\u00f8les\u2026 lettere.<\/p>\n\n\n\n<p>For f\u00f8rste gang i lang tid f\u00f8les det ikke som om, du skal <em>k\u00e6mpe<\/em> for at f\u00e5 det bedre.<br>Noget har allerede bev\u00e6get sig \u2013 og du kan m\u00e6rke, at det ikke stopper her.<\/p>\n\n\n\n<div style=\"height:20px\" aria-hidden=\"true\" class=\"wp-block-spacer\"><\/div>\n\n\n\n<p>Klar til at h\u00f8re, hvad din krop fors\u00f8ger at sige?<\/p>\n\n\n\n<div style=\"height:20px\" aria-hidden=\"true\" class=\"wp-block-spacer\"><\/div>\n\n\n\n<p><br><a href=\"https:\/\/camillaelfving.dk\/index.php\/say-hi\/\">Skriv til mig her \u2013 s\u00e5 finder vi din tid sammen.<\/a><\/p>\n\n\n\n<p class=\"has-text-align-center\">K\u00e6rlig hilsen<\/p>\n\n\n<div class=\"wp-block-image\">\n<figure class=\"aligncenter size-full is-resized\"><img loading=\"lazy\" decoding=\"async\" width=\"500\" height=\"108\" src=\"https:\/\/camillaelfving.dk\/wp-content\/uploads\/2024\/01\/Camilla-Elfving-5.png\" alt=\"\" class=\"wp-image-4863\" style=\"width:393px;height:auto\" srcset=\"https:\/\/camillaelfving.dk\/wp-content\/uploads\/2024\/01\/Camilla-Elfving-5.png 500w, https:\/\/camillaelfving.dk\/wp-content\/uploads\/2024\/01\/Camilla-Elfving-5-300x65.png 300w\" sizes=\"auto, (max-width: 500px) 100vw, 500px\" \/><\/figure>\n<\/div>\n\n\n<p><\/p>\n","protected":false},"excerpt":{"rendered":"<p>F\u00d8R \u2013 N\u00e5r alt strammer ind Du har det \u201cfint\u201d.Men dit hoved k\u00f8rer i ring, og kroppen f\u00f8les tung uden grund.Du tr\u00e6kker vejret \u2013 men det f\u00f8les ikke som om, luften n\u00e5r helt ned. M\u00e5ske du har pr\u00f8vet alt.Eller m\u00e5ske du bare er tr\u00e6t af ikke at kunne s\u00e6tte ord p\u00e5, [&hellip;]<\/p>\n","protected":false},"author":1,"featured_media":0,"parent":0,"menu_order":0,"comment_status":"closed","ping_status":"closed","template":"","meta":{"_monsterinsights_skip_tracking":false,"_monsterinsights_sitenote_active":false,"_monsterinsights_sitenote_note":"","_monsterinsights_sitenote_category":0,"footnotes":""},"class_list":["post-5057","page","type-page","status-publish","hentry"],"yoast_head":"<!-- This site is optimized with the Yoast SEO plugin v27.2 - https:\/\/yoast.com\/product\/yoast-seo-wordpress\/ -->\n<title>Hvordan foreg\u00e5r en behandling hos mig? - Camilla Elfving - Sundhedsklinik<\/title>\n<meta name=\"robots\" content=\"index, follow, max-snippet:-1, max-image-preview:large, max-video-preview:-1\" \/>\n<link rel=\"canonical\" href=\"https:\/\/camillaelfving.dk\/index.php\/hvordan-foregaar-en-behandling-hos-mig\/\" \/>\n<meta property=\"og:locale\" content=\"da_DK\" \/>\n<meta property=\"og:type\" content=\"article\" \/>\n<meta property=\"og:title\" content=\"Hvordan foreg\u00e5r en behandling hos mig? - Camilla Elfving - Sundhedsklinik\" \/>\n<meta property=\"og:description\" content=\"F\u00d8R \u2013 N\u00e5r alt strammer ind Du har det \u201cfint\u201d.Men dit hoved k\u00f8rer i ring, og kroppen f\u00f8les tung uden grund.Du tr\u00e6kker vejret \u2013 men det f\u00f8les ikke som om, luften n\u00e5r helt ned. M\u00e5ske du har pr\u00f8vet alt.Eller m\u00e5ske du bare er tr\u00e6t af ikke at kunne s\u00e6tte ord p\u00e5, [&hellip;]\" \/>\n<meta property=\"og:url\" content=\"https:\/\/camillaelfving.dk\/index.php\/hvordan-foregaar-en-behandling-hos-mig\/\" \/>\n<meta property=\"og:site_name\" content=\"Camilla Elfving - Sundhedsklinik\" \/>\n<meta property=\"article:modified_time\" content=\"2025-05-13T16:06:28+00:00\" \/>\n<meta property=\"og:image\" content=\"https:\/\/camillaelfving.dk\/wp-content\/uploads\/2024\/01\/Camilla-Elfving-5.png\" \/>\n<meta name=\"twitter:card\" content=\"summary_large_image\" \/>\n<meta name=\"twitter:label1\" content=\"Estimeret l\u00e6setid\" \/>\n\t<meta name=\"twitter:data1\" content=\"2 minutter\" \/>\n<script type=\"application\/ld+json\" class=\"yoast-schema-graph\">{\"@context\":\"https:\/\/schema.org\",\"@graph\":[{\"@type\":\"WebPage\",\"@id\":\"https:\/\/camillaelfving.dk\/index.php\/hvordan-foregaar-en-behandling-hos-mig\/\",\"url\":\"https:\/\/camillaelfving.dk\/index.php\/hvordan-foregaar-en-behandling-hos-mig\/\",\"name\":\"Hvordan foreg\u00e5r en behandling hos mig? - Camilla Elfving - Sundhedsklinik\",\"isPartOf\":{\"@id\":\"https:\/\/camillaelfving.dk\/#website\"},\"primaryImageOfPage\":{\"@id\":\"https:\/\/camillaelfving.dk\/index.php\/hvordan-foregaar-en-behandling-hos-mig\/#primaryimage\"},\"image\":{\"@id\":\"https:\/\/camillaelfving.dk\/index.php\/hvordan-foregaar-en-behandling-hos-mig\/#primaryimage\"},\"thumbnailUrl\":\"https:\/\/camillaelfving.dk\/wp-content\/uploads\/2024\/01\/Camilla-Elfving-5.png\",\"datePublished\":\"2024-02-19T19:12:59+00:00\",\"dateModified\":\"2025-05-13T16:06:28+00:00\",\"breadcrumb\":{\"@id\":\"https:\/\/camillaelfving.dk\/index.php\/hvordan-foregaar-en-behandling-hos-mig\/#breadcrumb\"},\"inLanguage\":\"da-DK\",\"potentialAction\":[{\"@type\":\"ReadAction\",\"target\":[\"https:\/\/camillaelfving.dk\/index.php\/hvordan-foregaar-en-behandling-hos-mig\/\"]}]},{\"@type\":\"ImageObject\",\"inLanguage\":\"da-DK\",\"@id\":\"https:\/\/camillaelfving.dk\/index.php\/hvordan-foregaar-en-behandling-hos-mig\/#primaryimage\",\"url\":\"https:\/\/camillaelfving.dk\/wp-content\/uploads\/2024\/01\/Camilla-Elfving-5.png\",\"contentUrl\":\"https:\/\/camillaelfving.dk\/wp-content\/uploads\/2024\/01\/Camilla-Elfving-5.png\",\"width\":500,\"height\":108},{\"@type\":\"BreadcrumbList\",\"@id\":\"https:\/\/camillaelfving.dk\/index.php\/hvordan-foregaar-en-behandling-hos-mig\/#breadcrumb\",\"itemListElement\":[{\"@type\":\"ListItem\",\"position\":1,\"name\":\"Hjem\",\"item\":\"https:\/\/camillaelfving.dk\/\"},{\"@type\":\"ListItem\",\"position\":2,\"name\":\"Hvordan foreg\u00e5r en behandling hos mig?\"}]},{\"@type\":\"WebSite\",\"@id\":\"https:\/\/camillaelfving.dk\/#website\",\"url\":\"https:\/\/camillaelfving.dk\/\",\"name\":\"Camilla Elfving - Sundhedsklinik\",\"description\":\"\",\"publisher\":{\"@id\":\"https:\/\/camillaelfving.dk\/#organization\"},\"potentialAction\":[{\"@type\":\"SearchAction\",\"target\":{\"@type\":\"EntryPoint\",\"urlTemplate\":\"https:\/\/camillaelfving.dk\/?s={search_term_string}\"},\"query-input\":{\"@type\":\"PropertyValueSpecification\",\"valueRequired\":true,\"valueName\":\"search_term_string\"}}],\"inLanguage\":\"da-DK\"},{\"@type\":\"Organization\",\"@id\":\"https:\/\/camillaelfving.dk\/#organization\",\"name\":\"Camilla Elfving - Sundhedsklinik\",\"url\":\"https:\/\/camillaelfving.dk\/\",\"logo\":{\"@type\":\"ImageObject\",\"inLanguage\":\"da-DK\",\"@id\":\"https:\/\/camillaelfving.dk\/#\/schema\/logo\/image\/\",\"url\":\"https:\/\/camillaelfving.dk\/wp-content\/uploads\/2024\/02\/cropped-Camilla-Elfving-Sundhedsklinik-Header-915-x-400-px-1250-x-378-px-915-x-300-px.png\",\"contentUrl\":\"https:\/\/camillaelfving.dk\/wp-content\/uploads\/2024\/02\/cropped-Camilla-Elfving-Sundhedsklinik-Header-915-x-400-px-1250-x-378-px-915-x-300-px.png\",\"width\":915,\"height\":300,\"caption\":\"Camilla Elfving - Sundhedsklinik\"},\"image\":{\"@id\":\"https:\/\/camillaelfving.dk\/#\/schema\/logo\/image\/\"}}]}<\/script>\n<!-- \/ Yoast SEO plugin. -->","yoast_head_json":{"title":"Hvordan foreg\u00e5r en behandling hos mig? - Camilla Elfving - Sundhedsklinik","robots":{"index":"index","follow":"follow","max-snippet":"max-snippet:-1","max-image-preview":"max-image-preview:large","max-video-preview":"max-video-preview:-1"},"canonical":"https:\/\/camillaelfving.dk\/index.php\/hvordan-foregaar-en-behandling-hos-mig\/","og_locale":"da_DK","og_type":"article","og_title":"Hvordan foreg\u00e5r en behandling hos mig? - Camilla Elfving - Sundhedsklinik","og_description":"F\u00d8R \u2013 N\u00e5r alt strammer ind Du har det \u201cfint\u201d.Men dit hoved k\u00f8rer i ring, og kroppen f\u00f8les tung uden grund.Du tr\u00e6kker vejret \u2013 men det f\u00f8les ikke som om, luften n\u00e5r helt ned. M\u00e5ske du har pr\u00f8vet alt.Eller m\u00e5ske du bare er tr\u00e6t af ikke at kunne s\u00e6tte ord p\u00e5, [&hellip;]","og_url":"https:\/\/camillaelfving.dk\/index.php\/hvordan-foregaar-en-behandling-hos-mig\/","og_site_name":"Camilla Elfving - Sundhedsklinik","article_modified_time":"2025-05-13T16:06:28+00:00","og_image":[{"url":"https:\/\/camillaelfving.dk\/wp-content\/uploads\/2024\/01\/Camilla-Elfving-5.png","type":"","width":"","height":""}],"twitter_card":"summary_large_image","twitter_misc":{"Estimeret l\u00e6setid":"2 minutter"},"schema":{"@context":"https:\/\/schema.org","@graph":[{"@type":"WebPage","@id":"https:\/\/camillaelfving.dk\/index.php\/hvordan-foregaar-en-behandling-hos-mig\/","url":"https:\/\/camillaelfving.dk\/index.php\/hvordan-foregaar-en-behandling-hos-mig\/","name":"Hvordan foreg\u00e5r en behandling hos mig? - Camilla Elfving - Sundhedsklinik","isPartOf":{"@id":"https:\/\/camillaelfving.dk\/#website"},"primaryImageOfPage":{"@id":"https:\/\/camillaelfving.dk\/index.php\/hvordan-foregaar-en-behandling-hos-mig\/#primaryimage"},"image":{"@id":"https:\/\/camillaelfving.dk\/index.php\/hvordan-foregaar-en-behandling-hos-mig\/#primaryimage"},"thumbnailUrl":"https:\/\/camillaelfving.dk\/wp-content\/uploads\/2024\/01\/Camilla-Elfving-5.png","datePublished":"2024-02-19T19:12:59+00:00","dateModified":"2025-05-13T16:06:28+00:00","breadcrumb":{"@id":"https:\/\/camillaelfving.dk\/index.php\/hvordan-foregaar-en-behandling-hos-mig\/#breadcrumb"},"inLanguage":"da-DK","potentialAction":[{"@type":"ReadAction","target":["https:\/\/camillaelfving.dk\/index.php\/hvordan-foregaar-en-behandling-hos-mig\/"]}]},{"@type":"ImageObject","inLanguage":"da-DK","@id":"https:\/\/camillaelfving.dk\/index.php\/hvordan-foregaar-en-behandling-hos-mig\/#primaryimage","url":"https:\/\/camillaelfving.dk\/wp-content\/uploads\/2024\/01\/Camilla-Elfving-5.png","contentUrl":"https:\/\/camillaelfving.dk\/wp-content\/uploads\/2024\/01\/Camilla-Elfving-5.png","width":500,"height":108},{"@type":"BreadcrumbList","@id":"https:\/\/camillaelfving.dk\/index.php\/hvordan-foregaar-en-behandling-hos-mig\/#breadcrumb","itemListElement":[{"@type":"ListItem","position":1,"name":"Hjem","item":"https:\/\/camillaelfving.dk\/"},{"@type":"ListItem","position":2,"name":"Hvordan foreg\u00e5r en behandling hos mig?"}]},{"@type":"WebSite","@id":"https:\/\/camillaelfving.dk\/#website","url":"https:\/\/camillaelfving.dk\/","name":"Camilla Elfving - Sundhedsklinik","description":"","publisher":{"@id":"https:\/\/camillaelfving.dk\/#organization"},"potentialAction":[{"@type":"SearchAction","target":{"@type":"EntryPoint","urlTemplate":"https:\/\/camillaelfving.dk\/?s={search_term_string}"},"query-input":{"@type":"PropertyValueSpecification","valueRequired":true,"valueName":"search_term_string"}}],"inLanguage":"da-DK"},{"@type":"Organization","@id":"https:\/\/camillaelfving.dk\/#organization","name":"Camilla Elfving - Sundhedsklinik","url":"https:\/\/camillaelfving.dk\/","logo":{"@type":"ImageObject","inLanguage":"da-DK","@id":"https:\/\/camillaelfving.dk\/#\/schema\/logo\/image\/","url":"https:\/\/camillaelfving.dk\/wp-content\/uploads\/2024\/02\/cropped-Camilla-Elfving-Sundhedsklinik-Header-915-x-400-px-1250-x-378-px-915-x-300-px.png","contentUrl":"https:\/\/camillaelfving.dk\/wp-content\/uploads\/2024\/02\/cropped-Camilla-Elfving-Sundhedsklinik-Header-915-x-400-px-1250-x-378-px-915-x-300-px.png","width":915,"height":300,"caption":"Camilla Elfving - Sundhedsklinik"},"image":{"@id":"https:\/\/camillaelfving.dk\/#\/schema\/logo\/image\/"}}]}},"_links":{"self":[{"href":"https:\/\/camillaelfving.dk\/index.php\/wp-json\/wp\/v2\/pages\/5057","targetHints":{"allow":["GET"]}}],"collection":[{"href":"https:\/\/camillaelfving.dk\/index.php\/wp-json\/wp\/v2\/pages"}],"about":[{"href":"https:\/\/camillaelfving.dk\/index.php\/wp-json\/wp\/v2\/types\/page"}],"author":[{"embeddable":true,"href":"https:\/\/camillaelfving.dk\/index.php\/wp-json\/wp\/v2\/users\/1"}],"replies":[{"embeddable":true,"href":"https:\/\/camillaelfving.dk\/index.php\/wp-json\/wp\/v2\/comments?post=5057"}],"version-history":[{"count":9,"href":"https:\/\/camillaelfving.dk\/index.php\/wp-json\/wp\/v2\/pages\/5057\/revisions"}],"predecessor-version":[{"id":5245,"href":"https:\/\/camillaelfving.dk\/index.php\/wp-json\/wp\/v2\/pages\/5057\/revisions\/5245"}],"wp:attachment":[{"href":"https:\/\/camillaelfving.dk\/index.php\/wp-json\/wp\/v2\/media?parent=5057"}],"curies":[{"name":"wp","href":"https:\/\/api.w.org\/{rel}","templated":true}]}}